re the prime factors of o?
5, 13
Let q be (-332)/11 + 4/22. Let d = -25 - q. Suppose 0*g = d*g - 145. List the prime factors of g.
29
Let y be 0 + (-3 - -64) + 2. Let w = y - 31. Suppose -2*s + w = -38. List the prime factors of s.
5, 7
Let q(a) = 2*a**2 - 7*a + 10. Let x(b) = 9*b**2 + b. Let y be x(-1). What are the prime factors of q(y)?
2, 41
Let z(p) = -2*p - 2. Let k be (-364)/24 - (-4)/24. Let i = k + 9. What are the prime factors of z(i)?
2, 5
Let b = -5231 + 7389. What are the prime factors of b?
2, 13, 83
Let d(m) = 0*m**2 - 14 + 7*m**3 + 16 - m**2 - m. Let p be d(2). What are the prime factors of 1*-2 + p + 1?
3, 17
List the prime factors of (-2)/(-3)*(-1276155)/(-270).
23, 137
List the prime factors of (-12)/12 + 1638 - -4.
3, 547
Let m = -3 + 6. Let w(i) = -4 + 2 - 2*i + 4 - i**m - 2*i**2 + 1. List the prime factors of w(-3).
2, 3
Suppose 4*p - 9 - 3 = 0. Suppose p*v - 5*v + 68 = 0. What are the prime factors of v?
2, 17
Let d(x) = 3*x**2 - 21*x - 119. List the prime factors of d(-11).
5, 19
Let y = 4949 - 3314. What are the prime factors of y?
3, 5, 109
Let j be (-1 + 2)/(4/2860). Suppose 0 = v + 4*v - j. Suppose -3*h + v - 23 = 0. What are the prime factors of h?
2, 5
Let g be 1*(3 - 4 - -1). Suppose -3*a - p + 410 = g, 0*p = -4*p + 8. Suppose 0*v = 4*v - a. List the prime factors of v.
2, 17
Let j be 611/(-13) - 1/1. What are the prime factors of (-1248)/(-14) - (j/(-42) + -1)?
89
Suppose 0 = -3*y + y - 24. List the prime factors of (200/y)/(1/(-3)).
2, 5
Let c be (-285)/25 + (-2)/(-5). Let k = c - -13. Suppose 0 = k*z - 4*z + 54. What are the prime factors of z?
3
Suppose -3*p + 6 = -5*p. Let m be p/((-9)/93) - 3. Suppose 10 = -6*q + 3*q + 4*f, 0 = 4*q + 5*f - m. List the prime factors of q.
2
Let m = 1935 - 680. List the prime factors of m.
5, 251
Let o = -24 + 23. Let f = 91 - o. What are the prime factors of f?
2, 23
Let m = 36 + -32. Suppose 3*l - 503 = -2*b, -b - m*l + 7*l + 256 = 0. What are the prime factors of b?
11, 23
What are the prime factors of (-114)/(-342) - (-13630)/6?
2, 71
Let v(l) be the first derivative of -l**3/3 + 3*l**2/2 - 6*l + 1. Let u(t) be the first derivative of v(t). List the prime factors of u(-4).
11
Let i = 50 - 37. Suppose -w + 18 + i = 0. List the prime factors of w.
31
Suppose -35 = -3*n - 5*u, 5*n - 35 - 2 = -3*u. Suppose 4*b = -v - 17, -3*b - 8 = -n*v + 22. Suppose d - 38 = -o, 33 + 73 = v*d + o. List the prime factors of d.
2, 17
List the prime factors of (-19360)/(-24) + 102/(-18) + 5.
2, 13, 31
Let y be 584/7 - (-15)/(-35). Suppose -5*q - 4*x = -y, -q - 2*x = 4*q - 79. List the prime factors of q.
3, 5
Suppose -3*w + 133 + 294 = -4*y, -2*y = 3*w - 403. Let t = w - 132. List the prime factors of t.
5
What are the prime factors of -8*(-9)/(-90) - 3234/(-5)?
2, 17, 19
Let u be ((-2)/(-2) - 4) + -13. Suppose 0*g = -3*g + 99. Let o = g + u. List the prime factors of o.
17
Let n = -72 + 102. Suppose p - n = -5*p. Suppose 5*u + 5*f - 43 = -8, 55 = 4*u - p*f. What are the prime factors of u?
2, 5
Suppose 6*j - 2034 + 594 = 0. Suppose j - 10 = 10*i. List the prime factors of i.
23
Suppose -5*q + q + 16 = 0. List the prime factors of (-8)/(q + (-66)/15).
2, 5
Let j = 31 + -29. Suppose 38 = s + 4*g - 5, -3*g + 61 = j*s. What are the prime factors of s?
23
Suppose j + 4*m + 1 = -6, -m - 3 = 0. Suppose 0 = -3*q - j*w - 306, 2*w + 9 = -w. What are the prime factors of (-1)/6 - q/6?
2
Let x(h) = h**3 + 4*h + 1. Let k be x(3). Let r = k + -22. List the prime factors of (-4)/r - 290/(-9).
2
Let r be (-2)/4*(4 + -2). Let k be (-13)/r - 2/2. List the prime factors of (19 + 3)*30/k.
5, 11
Let v = 6896 + -2334. List the prime factors of v.
2, 2281
Suppose 5*h + 12 = v - 33, -2*v = -3*h - 83. What are the prime factors of v?
2, 5
Let q(t) = -t**3 + 6*t**2 + 8*t - 5. Let i be q(7). Suppose -5*m + i*z = -953, -m + 0*m + 193 = 2*z. What are the prime factors of m?
191
What are the prime factors of (-1956)/(-4) + -18 + 23?
2, 13, 19
Let n be 1 + -1 - (-1 + -2). Suppose 3*f + 190 = -5*h - 2*f, -88 = 2*h + 5*f. What are the prime factors of h*1*n/(-6)?
17
Let l(z) = 3*z**2 - 17*z - 63. What are the prime factors of l(25)?
19, 73
Suppose -2*k - 2*k - 3*f = -1324, 0 = 3*f - 12. List the prime factors of k.
2, 41
Suppose j - 60 = -4*d - 3*j, 1 = j. Suppose -75 = -z + d. What are the prime factors of z?
89
Suppose 4*c - 18 = -2*c. Suppose 5 - 113 = -c*m. Suppose 5*i + i = m. List the prime factors of i.
2, 3
Suppose 71*p - 219936 = 13*p. List the prime factors of p.
2, 3, 79
Let v be 4/(-10) - 152/20. Let l(i) = -i - 4. Let r be l(v). Suppose 2*b = r*n - 124, -5*n - 4*b = -n - 100. List the prime factors of n.
29
Let k = 568 - 103. List the prime factors of k.
3, 5, 31
Suppose 0 = -4*h + t + 1212, -6*h = -4*h + t - 612. What are the prime factors of h?
2, 19
Suppose 5*f + 11 = -3*v, -3*v = -0*v - f + 5. Let q be ((-3)/v)/(3/4). Suppose 4*c - 30 = q*c. List the prime factors of c.
3, 5
Suppose -254 = -5*x + 3*x + 5*w, 5*w = -2*x + 274. List the prime factors of x.
2, 3, 11
Let j = -12 - -15. Suppose -j*f + 5 = -2*b - 138, 36 = f - 3*b. Let z = f + -19. What are the prime factors of z?
2
Let w be 3/(-27)*-6 - 19/(-3). Suppose -53 = -c - w*p + 8*p, 0 = 2*c + 2*p - 98. What are the prime factors of c?
3, 17
What are the prime factors of 4416/(-16)*(-29)/4?
3, 23, 29
Suppose 3*i - 2*w - 59 - 591 = 0, -428 = -2*i - 4*w. What are the prime factors of i?
2, 3
Let k(y) = -y**2 + 6*y - 4. Let s be k(4). Suppose -2*r + 2*h = -24, -s*r = -h - 0*h - 36. What are the prime factors of r?
2
Let c(b) = -17*b - 338. List the prime factors of c(-31).
3, 7
Suppose 0 = 2*y - 5980 + 142. What are the prime factors of y?
3, 7, 139
Suppose -w - 11 - 3 = v, 2*v + 40 = 4*w. Let c = v + 14. List the prime factors of c/1*(-15)/2.
3, 5
Let q(g) = -g**2 - 5*g + 14. Let w(n) = -4*n + 10 - n**2 + 11 - 8. Let p(s) = -3*q(s) + 4*w(s). What are the prime factors of p(0)?
2, 5
Suppose j + 24 = 7*j. Suppose -3*u + 48 = q, -6*u = -j*q - 2*u + 160. List the prime factors of q.
2, 3, 7
Suppose -n + 2*d = -9, -5*n = 2*d - 0*d - 69. Let l = n + -14. List the prime factors of 26 + (0 - 1) + l.
2, 3
Let w be (-42 - 16/(-4))/(-2). Suppose -5*q + w = -266. List the prime factors of q.
3, 19
Let p = 76 - 10. Let r(w) = -w**3 - 4*w**2 - 2*w + 3. Let i be r(-3). Suppose -5*a - 4*y + p = i, -2*a = -a + 2*y - 18. List the prime factors of a.
2, 5
Suppose -29*v - 40*v = -253368. List the prime factors of v.
2, 3, 17
Let v(c) be the second derivative of 5*c**3/6 - 9*c**2 - 28*c. What are the prime factors of v(7)?
17
Suppose 2*p = -5*y + 1 + 11, -3*y - 3*p = 0. Suppose -r = -y*r. Let t(b) = b**3 + b**2 - b + 11. What are the prime factors of t(r)?
11
Let x(b) = -38*b + 1. What are the prime factors of x(-19)?
3, 241
Suppose 6 = 4*a - 2*a. Let l(p) = -p + 1. Let b be l(a). What are the prime factors of (b + 30)*72/42?
2, 3
Let y(i) = 41*i + 129. What are the prime factors of y(29)?
2, 659
Let a be (-3)/((-36)/8 - -3). Suppose 3*h - 328 = -4*w, 123 + 27 = 2*w - a*h. List the prime factors of w.
79
Let u = -19 - -16. Let k be (2/u)/(5/75). Let q(s) = -s**3 - 9*s**2 + 9*s - 2. List the prime factors of q(k).
2
What are the prime factors of (-2)/(-15) - 218*(-77)/330?
3, 17
Let x(h) = 12*h**2 + 27*h - 33. List the prime factors of x(10).
3, 479
Suppose -3*h - 19*h + 5324 = 0. What are the prime factors of h?
2, 11
Let j(f) be the first derivative of 19*f**2/2 + 8*f + 1. Let u be j(12). Let d = u + -155. List the prime factors of d.
3
Let s = -80 + 131. List the prime factors of (-3 + 3)/(-4) + s.
3, 17
Suppose -5 = -5*n, 19 = 3*u + 2*u + 4*n. Suppose u*o + 64 = -o. Let g = 6 - o. List the prime factors of g.
2, 11
Let f(n) = -3*n + 1. Let a(s) = 5*s - 2. Let t(x) = -4*a(x) - 7*f(x). Let j be t(14). Suppose -2*u + j = u. What are the prime factors of u?
5
Suppose -r - 56 = -5*x, 4*r + 32 = -2*x - 126. Let c = r - -84. What are the prime factors of c?
43
Let a = 26 + -23. Suppose -a*y + y + 288 = 0. List the prime factors of y.
2, 3
Let l be 708/48 + (-2)/(-8). Suppose -l*j = -12*j - 177. What are the prime factors of j?
59
Let t = 327 + 144. List the prime factors of t.
3, 157
Let k(r) = 186*r**2 + 2*r - 1. Let u be k(1). Suppose -u - 20 = -3*z. List the prime factors of 